hundreds digit of x?
2
Let q(f) be the second derivative of f**5/120 + 2*f**4/3 + f**3/6 + 9*f. Let r(v) be the second derivative of q(v). What is the units digit of r(16)?
2
Suppose -341 = i - 345. Let n(m) = 10*m**3 + 6*m**2 - 9*m. What is the units digit of n(i)?
0
Suppose 343368 = -36761*d + 36780*d. What is the hundreds digit of d?
0
Suppose -a + 3*v - 6*v = -1602, -2*a = -4*v - 3224. Let z = 3156 - a. What is the thousands digit of z?
1
Let w(s) = -9*s - 57. Let p be w(-6). Let r = 2 - 4. What is the hundreds digit of (r/(-6))/((-1)/1593*p)?
1
Suppose -5*d + 4*p = 9*p - 11705, 0 = -5*d - 2*p + 11705. What is the units digit of d?
1
Let c = 196118 + -121995. What is the ten thousands digit of c?
7
Suppose v + 4 - 8 = 0. Suppose -r + v = 1, 3*r - 344 = l. What is the units digit of l/10*(-4)/2?
7
Suppose 2*g = 3*r + r - 6, g - 3 = -r. Suppose -2*w = r, 8*w - 13*w = 5*v - 935. What is the units digit of v?
8
Suppose -5*q + 31702 = 2*r, 2*r + 19018 = 44*q - 41*q. What is the thousands digit of q?
6
Let v = 15865 - 3639. What is the units digit of v?
6
Let b = 3245 + -474. What is the units digit of b?
1
Let y(l) = l**2 - 14*l + 3. Let x be y(14). Suppose 0 = -c - x + 5. Suppose -4*s + c*z + 416 = 0, 0*z - 94 = -s + 3*z. What is the units digit of s?
6
Let p(q) = -8*q**3 - 12*q**2 + 7*q - 102. What is the thousands digit of p(-15)?
4
Suppose -a = 3, -4*f + 14*a = 15*a - 41829. What is the thousands digit of f?
0
Let n = 18 + 63. Suppose -59 = -3*b + 4*u, -4*b + 0 + n = -3*u. What is the units digit of b?
1
Let b(u) = 15*u**2 - 17*u - 4726. What is the ten thousands digit of b(-78)?
8
Let l = -3039 + 5193. Suppose -7*h + 2*h + 15 = 0, -l = -4*x - 2*h. What is the units digit of x?
7
Suppose 0 = 1527*d - 1546*d + 9120. What is the units digit of d?
0
Let u = -20417 - -27803. What is the units digit of u?
6
Let c(m) be the third derivative of m**5/30 + 5*m**4/8 + 2*m**3 - 3*m**2. What is the tens digit of c(-15)?
3
Suppose -i = 3*o + 203, -2*o + 2*i - 274 = 2*o. Let l = -33 - o. Suppose -114 + l = -s. What is the tens digit of s?
7
Let d(b) = 681*b**2 + 2*b - 3. Suppose -63 + 68 = 5*w. What is the tens digit of d(w)?
8
Let k(w) = w + 8. Let f be k(5). Let y = -11 + f. What is the units digit of 135/y*54/45?
1
Let k = -145 + 161. Suppose -1735 - 329 = -k*a. What is the hundreds digit of a?
1
What is the hundreds digit of -4*(-12)/(-16)*(-2259792)/162?
8
Let v = -337 + 79. Let f be (v/(-54) - 5) + (-4)/(-18). Suppose f = -5*p + 18 + 137. What is the units digit of p?
1
Suppose 0*d + d = 39*d - 46284. What is the units digit of d?
8
Suppose 4*n = 2*k + 356, 3*n = 14*k - 17*k - 534. Let d = -7 - k. What is the tens digit of d?
7
Let a be (-1 - 175/1) + 0. Let n(o) = -o - 279. Let q be n(-32). Let p = a - q. What is the units digit of p?
1
Let g(w) = -7*w**2 + 53 - 70 - 2*w + 3*w**2 - 15*w**3. What is the units digit of g(-4)?
7
Let w = 49 + -44. Suppose 0 = -w*d - 10, -6*s + d = -s - 72. Let h(t) = -t + 42. What is the units digit of h(s)?
8
Let p(i) = -70*i - 198. Let l = -655 + 651. What is the tens digit of p(l)?
8
Let g = -15781 - -19360. What is the units digit of g?
9
Let g(m) be the second derivative of 2*m**5/5 - 5*m**4/12 + 5*m**3/6 - 9*m**2/2 - 7*m. Let i be g(3). Let z = i - 111. What is the tens digit of z?
6
Suppose 5*f + 19 + 36 = 0. Let b(w) = -w**2 + 21*w - 15. Let c be b(f). Let o = 535 + c. What is the tens digit of o?
6
Suppose 5*g - 12 = 3. Let n be 1*1028*292/1168. Suppose 0 = -3*h - m + n, -g*h - 5*m + 11 = -242. What is the units digit of h?
6
Suppose 10*w - 12*w - 7 = -o, 0 = -2*w + 5*o - 3. What is the tens digit of w*((-21)/35 + 307/(-5))?
4
Let b = 33 + -29. Suppose b = -2*u - 16. What is the units digit of u*(-5)/10 + 1?
6
Let b(a) = -a**2 + 42*a + 4. Let g be b(42). What is the tens digit of 435/(-9)*-1 - g/(-6)?
4
Let y(u) = -1469*u + 49. Let c be y(-19). Suppose a + c = 41*a. What is the tens digit of a?
9
Let x(b) = 3*b**2 - 40*b - 191. What is the hundreds digit of x(36)?
2
Let n be (-392)/(-40)*5/(-3)*-15. What is the tens digit of ((-240)/35)/(725/n - 3)?
6
Let n = 13909 + -6616. What is the thousands digit of n?
7
Suppose 75517 = -36*k + 2*k + 1199013. What is the ten thousands digit of k?
3
Let m(s) = -s**3 + 75*s**2 + 120*s + 621. What is the tens digit of m(72)?
1
Suppose 33*n + 190876 - 334393 = 303567. What is the ten thousands digit of n?
1
Suppose -3*h = 5*k - 6825, 3*k + h = k + 2730. Suppose 5*l + 3*j = 2291, -j - k = -3*l + 2*j. What is the tens digit of l?
5
Suppose -4*m + 47 = -13. Let k be 57/m + 3/15. What is the tens digit of -28*k/(-24)*33/2?
7
Let s(r) = -r**2 - 7*r - 8. Let j be s(-5). What is the tens digit of j*346/8*12/6?
7
Suppose 12*l + 14 = 19*l. Suppose -279 = -l*x + 3*h + 539, -3*x + 1230 = -3*h. What is the tens digit of x?
1
Suppose 108957 = 351*r - 347*r - o, 27238 = r + o. What is the tens digit of r?
3
Let z be (1440/7)/(2/14). Let q = z - 943. What is the hundreds digit of q?
4
What is the hundreds digit of ((-20)/12 - 1)/(26/4481295*-7)?
6
Suppose 18651 - 86755 - 504440 = -144*m. What is the tens digit of m?
7
Suppose 48*v - 101*v + 37*v + 366592 = 0. What is the thousands digit of v?
2
Suppose 88*h = 778138 + 2189398. What is the tens digit of h?
2
Let i(n) = -2375*n + 193. What is the tens digit of i(-4)?
9
Let u = -71 - -74. Let m(s) = -s**3 + 5*s**2 - 6*s + 3. Let h be m(u). Suppose -h*c = 10*c - 637. What is the tens digit of c?
4
Suppose -152 = -2*t + 3*y, 14*t - 3*y - 79 = 13*t. Let r = t + -70. Suppose -559 = -0*c - r*c - 5*g, -5*c + 895 = g. What is the hundreds digit of c?
1
Let a = -36 + 39. Let z(s) = s**2 + 4*s - 22. Let h be z(a). Let n(d) = 138*d**2 - 4*d - 2. What is the tens digit of n(h)?
4
Suppose 0 = -17*r + 1 - 1. Suppose 6*y + 0*y - 1092 = r. What is the hundreds digit of y?
1
Let t(m) = -m**2 + 4*m - 2. Suppose -g + 6 = -2*g - 2*l, 15 = -3*g - 3*l. Let v be t(g). What is the units digit of -28*(v*2/8 - -3)?
4
Suppose -2*b = -4*c + 31326, 117*c + 5*b = 113*c + 31333. What is the units digit of c?
2
Let p(x) = 4*x**2 + 27*x - 9. Let t be p(55). Suppose -27*h + 1733 = -t. What is the units digit of h?
7
Let u(a) be the first derivative of 5*a**2/2 - 8*a - 1. Suppose -5*y + 10*y + 70 = 5*s, -11 = -4*s - 5*y. What is the units digit of u(s)?
7
Suppose -6*o - 56634 = -4*m + o, -m - 5*o + 14199 = 0. What is the tens digit of m?
6
What is the hundreds digit of (12/28)/(-3) + (627510/(-14))/(-1)?
8
What is the hundreds digit of ((-45)/2)/(((-21)/(-662))/(-21)) - -1?
8
Let j be 4/8 - ((-35)/(-2))/1. Let l = j + 22. Suppose l*n - 788 = -143. What is the units digit of n?
9
Let j(z) be the third derivative of -z**6/120 + 7*z**5/60 - 5*z**4/12 + 9*z**2. Let k be j(3). What is the tens digit of (3/k*2)/((-4)/(-244))?
6
Suppose -16 = 10*n - 9*n. Let s(x) = x**3 + 14*x**2 - 31*x + 34. What is the units digit of s(n)?
8
Let a be (3 - 5)*(-7 - -1). What is the units digit of a/(2 - 6) + 293?
0
Suppose 3*t - 9*l - 9 = -8*l, 0 = 3*l. Suppose -x + a = -4, 0 = 2*x + 3*x + t*a + 4. Suppose 3*f + 452 = 2*i, 2*f - x + 226 = i. What is the tens digit of i?
2
Let a = 56 + -7. Let i be (5/(-2))/((-15)/30). Suppose h = 2*y + a, -i*y = -0*y. What is the units digit of h?
9
Suppose 4*u = -5*f + 137703, -70*f + 72*f = -5*u + 55105. What is the tens digit of f?
3
What is the thousands digit of -20 + (11 - 119184/(-2))?
9
Let p(s) = 69415*s + 79. What is the units digit of p(1)?
4
Let k = 11 - 13. Let a be 140 - (0 + (-1 + 1)/k). What is the units digit of a/(-15)*((-1 - -3) + -11)?
4
Suppose 133617 = 3*z + 5*r, 14*r - 89072 = -2*z + 10*r. What is the thousands digit of z?
4
Suppose 25962 = -72*x + 75*x. What is the tens digit of x?
5
Suppose -2*t - 3*c = 3*t + 39, 0 = 4*t + 5*c + 39. What is the units digit of 13*t*(-161)/14?
7
Let c(i) = 51*i - 4. Let t be c(4). Suppose 2*h + t = 1678. What is the tens digit of h?
3
Let q = 0 - -2. Suppose q*h + 616 = 2*d, 0*d - 621 = -2*d - 3*h. What is the hundreds digit of d?
3
Suppose 304 = -4*y + 108. Let x = 517 - y. What is the hundreds digit of x?
5
Let i = 24681 + -13870. What is the units digit of i?
1
Suppose -4*v = -20, 0 = -4*z + 3*v - 4*v - 55. Let o = z + 497. What is the units digit of o?
2
Let q be (-28086)/24 + (-70)/40. Let f = -236 